06 + -17?
18cd
In base 16, what is 1 - 6fa1?
-6fa0
In base 4, what is 1 + -1223322?
-1223321
In base 14, what is 4b2c6 - -6?
4b2cc
In base 10, what is -29 + -1350?
-1379
In base 7, what is 504 - -3320?
4124
In base 14, what is -6d19 + d?
-6d0a
In base 11, what is -78121 + 32?
-7809a
In base 15, what is 2 - 6a2bb?
-6a2b9
In base 12, what is -5546 - 0?
-5546
In base 14, what is 649922 + -2?
649920
In base 14, what is -2a - cbdd?
-cc29
In base 16, what is 26 + -818?
-7f2
In base 9, what is 71 - 1356?
-1275
In base 10, what is -4131521 - 4?
-4131525
In base 8, what is -2556 - 411?
-3167
In base 13, what is -2 - 2869?
-286b
In base 2, what is -110100001000101110110 - -10?
-110100001000101110100
In base 11, what is -17 - 27761?
-27778
In base 15, what is -588 + -85c?
-de5
In base 3, what is 1001 - 1110221?
-1102220
In base 2, what is -1101000 + 10101001100101?
10100111111101
In base 8, what is 163 - 1256?
-1073
In base 7, what is 13 - -10503?
10516
In base 10, what is -1 + -75604?
-75605
In base 10, what is 816384 - -4?
816388
In base 6, what is 50 + -35540?
-35450
In base 8, what is -202 - -16727?
16525
In base 8, what is 51 + -53133?
-53062
In base 4, what is -10 + -13200102?
-13200112
In base 4, what is -30030 + -22?
-30112
In base 11, what is -382 + 7790?
7409
In base 6, what is -143212 - -1?
-143211
In base 16, what is 80e + 5a?
868
In base 5, what is -2101 - -2000?
-101
In base 5, what is -23 - -2204021?
2203443
In base 6, what is 1144 - 355?
345
In base 2, what is -1011001 + 100001000010?
11111101001
In base 13, what is 668 - 2ba?
37b
In base 11, what is 1138 + 1391?
2519
In base 16, what is 0 - -2937?
2937
In base 5, what is 33014 + -4?
33010
In base 7, what is -106 + 6261?
6152
In base 11, what is -99 + -886?
-974
In base 3, what is -21021 - 1202?
-100000
In base 7, what is 43 - -22335?
22411
In base 3, what is 1201 - -1001120?
1010021
In base 14, what is -db309 - -1?
-db308
In base 8, what is 4 - -2111?
2115
In base 5, what is -21320 + -103424?
-130244
In base 9, what is 150 - 337?
-177
In base 4, what is 1112003 - 10032?
1101311
In base 16, what is 2 - 36df2?
-36df0
In base 14, what is -2 + 1d27?
1d25
In base 16, what is 4a9 + -319?
190
In base 13, what is -5 + -525c0?
-525c5
In base 10, what is -68511 + 23?
-68488
In base 2, what is 110000101 - 1000000?
101000101
In base 11, what is 78 - -177a?
1847
In base 14, what is -13190 + 1?
-1318d
In base 10, what is 5 - -13350?
13355
In base 10, what is -1 - 360709?
-360710
In base 8, what is -3 + 70431?
70426
In base 15, what is 17d3 - -1?
17d4
In base 13, what is -1 - 48a08?
-48a09
In base 16, what is -2 - 126be7?
-126be9
In base 11, what is -161 - 7794?
-7945
In base 5, what is -1030240 - 14?
-1030304
In base 10, what is -715208 - -2?
-715206
In base 5, what is 1 + 220214434?
220214440
In base 5, what is -40 - -13202?
13112
In base 5, what is 1243131 - -12?
1243143
In base 16, what is -4d0 + -3?
-4d3
In base 2, what is -10010101 - -1001000101?
110110000
In base 13, what is 223 + -71?
182
In base 5, what is 124 + 1144303?
1144432
In base 5, what is -10 + -31241401?
-31241411
In base 3, what is 1102111 - 2011?
1100100
In base 12, what is 77337 - -1?
77338
In base 13, what is 4 - -a420?
a424
In base 6, what is -21010 + 44?
-20522
In base 4, what is 1022321 + 1031?
1030012
In base 9, what is -1172 - 1186?
-2368
In base 2, what is 1 - 110101111000111?
-110101111000110
In base 6, what is -132 + -14351?
-14523
In base 2, what is -100 - -11101000010000?
11101000001100
In base 7, what is 204 - 24232?
-24025
In base 9, what is 3 + 74740?
74743
In base 15, what is 8 + -3b86?
-3b7d
In base 2, what is -10110110000101010001 + 10?
-10110110000101001111
In base 9, what is -43 - 2000?
-2043
In base 12, what is 1 + -29ab6?
-29ab5
In base 13, what is -1bb882 + -3?
-1bb885
In base 11, what is 43 - 2536?
-24a3
In base 15, what is e5 + d7?
1cc
In base 3, what is -1100202000102 + -1?
-1100202000110
In base 16, what is -15ad37 + -2?
-15ad39
In base 16, what is 5455 - 43?
5412
In base 10, what is -35015 - -9?
-35006
In base 15, what is -6dc23 + -2?
-6dc25
In base 9, what is 5 - -1021753?
1021758
In base 10, what is -4642 + -32?
-4674
In base 12, what is -14236b8 + -1?
-14236b9
In base 5, what is 11014 - -4411?
20430
In base 7, what is -6312143 - 3?
-6312146
In base 11, what is 3 - -3937a?
39382
In base 14, what is bad + 19?
bc8
In base 2, what is -10000000101 + -100110?
-10000101011
In base 8, what is 177 - 1142?
-743
In base 15, what is 0 - -109575?
109575
In base 9, what is 3611 - -157?
3768
In base 2, what is -100001010010001 + -101?
-100001010010110
In base 2, what is -101 + -110100011110010?
-110100011110111
In base 9, what is 28284 - -41?
28335
In base 7, what is 1503 - -40?
1543
In base 13, what is -51548 - -2?
-51546
In base 5, what is 4 + 11214243?
11214302
In base 3, what is 211222210 + 1112?
212001022
In base 13, what is 227 - -205?
42c
In base 8, what is 146575 - 16?
146557
In base 12, what is 2385 - -a?
2393
In base 14, what is -54 + -280?
-2d4
In base 8, what is -100134 + -1?
-100135
In base 16, what is 8 - 603?
-5fb
In base 5, what is 3 + -120112233?
-120112230
In base 10, what is 12621 - -168?
12789
In base 5, what is -2241 - -40043?
32302
In base 5, what is 1442 - -30?
2022
In base 7, what is -3516645 - -2?
-3516643
In base 8, what is -6 - -20567?
20561
In base 4, what is -21202132 - 211?
-21203003
In base 4, what is 302300 + -11013?
231221
In base 15, what is -3 - 15e7?
-15ea
In base 9, what is 7 + -727756?
-727748
In base 16, what is -e + 22f?
221
In base 14, what is 361d8 - -15?
3620d
In base 5, what is -20042 - 2?
-20044
In base 12, what is -178 - 0?
-178
In base 13, what is 2c2 - -21?
313
In base 10, what is -13 + -59?
-72
In base 12, what is 2 + a341?
a343
In base 11, what is 785 - 76?
70a
In base 2, what is -11000 + 10001010010010110?
10001010001111110
In base 2, what is -100010010100001 + -100001?
-100010011000010
In base 16, what is 1dee + -3f?
1daf
In base 12, what is 3102 + 1?
3103
In base 11, what is 3a7 + 923?
121a
In base 5, what is -220 + -33443?
-34213
In base 11, what is -50a9 + -296?
-5394
In base 13, what is -7aa0 - -5?
-7a98
In base 6, what is -411214 - 4?
-411222
In base 15, what is -37 - 8418?
-8450
In base 8, what is -116 + 662?
544
In base 6, what is 130202 + 10?
130212
In base 7, what is 11113 - -354?
11500
In base 3, what is 121 + 111121001?
111121122
In base 9, what is -1257 + -30?
-1287
In base 12, what is -12750 + -7?
-12757
In base 2, what is -1000011100000110100 - -1?
-1000011100000110011
In base 14, what is 172d - 9?
1724
In base 10, what is -7 - 44327?
-44334
In base 14, what is -23d41 + 5?
-23d3a
In base 3, what is -20101221 + 102?
-20101112
In base 2, what is 1001011111001111011 + 100?
1001011111001111111
In base 6, what is 4 - 21114?
-21110
In base 9, what is 41837 + -4?
41833
In base 2, what is -1011111100000 - -110?
-1011111011010
In base 7, what is -10526 + -24?
-10553
In base 6, what is 1 + -111343?
-111342
In base 2, what is 1000100110110110 - -100?
1000100110111010
In base 16, what is -1 - -e67d?
e67c
In base 8, what is 6402314 - -5?
6402321
In base 5, what is 1101003 + -24?
1100424
In base 3, what is 10 + 1200111?
1200121
In base 14, what is -43 - 176d?
-17b2
In base 5, what is 11 - -10333404?
10333420
In base 9, what is 7 - 84284?
-84276
In base 7, what is 1 - -24422?
24423
In base 11, what is 4 + -642a79?
-642a75
In base 15, what is -2e339 - 5?
-2e33e
In base 3, what is 2012 + -21001022?
-20222010
In base 12, what is 90b7 - 0?
90b7
In base 4, what is -10 + 2323333?
2323323
In base 6, what is 144 + -23502?
-23314
In base 9, what is 57 + 1754?
1822
In base 8, what is 54 - -11063?
11137
In base 2, what is -11001001001011 + -11100?
-11001001100111
In base 14, what is 10d + -143?
-34
In base 5, what is -441 - 340?
-1331
In base 3, what is 12101 + 220120?
1002221
In base 14, what is -3cb4 - -24?
-3c90
In base 15, what is -5 - -11cc3?
11cbd
In base 11, what is 35623 + 1?
35624
In base 4, what is 3032300011 - 3?
3032300002
In base 9, what is -5 - -1366?
1361
In base 2, what is 1101010100010 + 10101?
1101010110111
In base 14, what is -1d1cd + -3?
-1d1d2
In base 5, what is 212 - -2243004?
2243221
In base 9, what is 640486 + -10?
640476
In base 3, what is 0 + -20